s the remainder when 548765 is divided by 129?
128
What is the remainder when 859266 is divided by 171?
162
What is the remainder when 32831 is divided by 31477?
1354
Calculate the remainder when 50155 is divided by 2968.
2667
Calculate the remainder when 233149 is divided by 3638.
317
What is the remainder when 326044885 is divided by 2484?
13
What is the remainder when 12952 is divided by 2526?
322
What is the remainder when 48023031 is divided by 193?
192
What is the remainder when 103473334 is divided by 25868332?
6
Calculate the remainder when 33650 is divided by 213.
209
What is the remainder when 131381 is divided by 11082?
9479
Calculate the remainder when 7664073 is divided by 418.
43
Calculate the remainder when 119037 is divided by 3217.
8
What is the remainder when 22620 is divided by 22137?
483
Calculate the remainder when 158884333 is divided by 28.
13
What is the remainder when 560504 is divided by 6516?
128
What is the remainder when 63444903 is divided by 88983?
24
What is the remainder when 499671 is divided by 286?
29
Calculate the remainder when 5558412 is divided by 193.
12
What is the remainder when 68871 is divided by 68323?
548
What is the remainder when 48002125 is divided by 24001059?
7
Calculate the remainder when 9159143 is divided by 3188.
19
Calculate the remainder when 21017 is divided by 21005.
12
Calculate the remainder when 265608626 is divided by 7266.
7262
What is the remainder when 56103187 is divided by 11220636?
7
What is the remainder when 13199890 is divided by 40?
10
What is the remainder when 492266 is divided by 123060?
26
What is the remainder when 1332154 is divided by 5597?
68
What is the remainder when 2452305 is divided by 8229?
63
Calculate the remainder when 27176523 is divided by 9058831.
30
What is the remainder when 100033258 is divided by 249?
247
Calculate the remainder when 6941943 is divided by 4631.
74
What is the remainder when 28375 is divided by 1596?
1243
Calculate the remainder when 262186 is divided by 125730.
10726
What is the remainder when 310352 is divided by 15514?
72
Calculate the remainder when 6698029 is divided by 262.
261
Calculate the remainder when 533093 is divided by 44422.
29
What is the remainder when 441096 is divided by 146867?
495
Calculate the remainder when 31657508 is divided by 177.
173
Calculate the remainder when 106283 is divided by 2701.
944
What is the remainder when 1667595 is divided by 6155?
5745
What is the remainder when 7101301 is divided by 1653?
13
Calculate the remainder when 26786435 is divided by 480.
35
Calculate the remainder when 3605798 is divided by 2611.
7
Calculate the remainder when 52082 is divided by 8263.
2504
Calculate the remainder when 142933027 is divided by 1548.
1543
What is the remainder when 78564 is divided by 68?
24
Calculate the remainder when 969267 is divided by 8439.
7221
Calculate the remainder when 165140 is divided by 906.
248
Calculate the remainder when 233958 is divided by 85.
38
Calculate the remainder when 12922 is divided by 387.
151
What is the remainder when 446530 is divided by 20214?
1822
Calculate the remainder when 18795 is divided by 2295.
435
What is the remainder when 52205527 is divided by 26?
23
What is the remainder when 88202333 is divided by 25492?
13
What is the remainder when 29902848 is divided by 2491904?
0
What is the remainder when 7576646 is divided by 678?
674
Calculate the remainder when 5382984 is divided by 897153.
66
Calculate the remainder when 25441 is divided by 3078.
817
What is the remainder when 7276867 is divided by 1569?
1414
Calculate the remainder when 23398 is divided by 903.
823
Calculate the remainder when 42136206 is divided by 3060.
6
Calculate the remainder when 12941303 is divided by 11042.
79
What is the remainder when 2202012 is divided by 20?
12
What is the remainder when 297779 is divided by 4652?
51
Calculate the remainder when 14594 is divided by 908.
66
Calculate the remainder when 480664642 is divided by 3683.
3678
Calculate the remainder when 316394 is divided by 396.
386
What is the remainder when 1268515 is divided by 184?
19
What is the remainder when 14974823 is divided by 13067?
41
Calculate the remainder when 90683 is divided by 8125.
1308
Calculate the remainder when 301184 is divided by 1508.
1092
What is the remainder when 15084957 is divided by 88?
85
What is the remainder when 13281924 is divided by 2628?
12
Calculate the remainder when 139164 is divided by 46378.
30
Calculate the remainder when 81747845 is divided by 11.
3
Calculate the remainder when 1366728 is divided by 3092.
64
Calculate the remainder when 268774 is divided by 9.
7
What is the remainder when 84715504 is divided by 158?
12
What is the remainder when 2833015 is divided by 1495?
1485
What is the remainder when 41760 is divided by 5143?
616
Calculate the remainder when 85436385 is divided by 76.
73
What is the remainder when 113020206 is divided by 692?
690
What is the remainder when 45474674 is divided by 40?
34
Calculate the remainder when 371889 is divided by 123931.
96
What is the remainder when 1057299 is divided by 70470?
249
What is the remainder when 11323564 is divided by 2113?
2110
What is the remainder when 62293 is divided by 1484?
1449
Calculate the remainder when 87398 is divided by 3361.
12
Calculate the remainder when 295075 is divided by 73231.
2151
What is the remainder when 990726 is divided by 247607?
298
Calculate the remainder when 20303250 is divided by 203.
2
Calculate the remainder when 11739648 is divided by 91716.
0
Calculate the remainder when 92393 is divided by 711.
674
What is the remainder when 8253232 is divided by 1142?
1140
What is the remainder when 3189533 is divided by 354?
347
What is the remainder when 1680817 is divided by 559795?
1432
Calculate the remainder when 11948358 is divided by 11948347.
11
Calculate the remainder when 4542892 is divided by 79.
76
What is the remainder when 163777040 is divided by 16377703?
10
What is the remainder when 103321 is divided by 485?
16
What is the remainder when 2267726 is divided by 6047?
101
What is the remainder when 10095356 is divided by 3365103?
47
What is the remainder when 452841 is divided by 188?
137
Calculate the remainder when 3423332 is divided by 3073.
10
What is the remainder when 276056 is divided by 65?
1
Calculate the remainder when 58440 is divided by 586.
426
Calculate the remainder when 840675 is divided by 25446.
957
What is the remainder when 5067480 is divided by 163466?
34
What is the remainder when 161998861 is divided by 119?
115
What is the remainder when 401092 is divided by 6706?
5438
What is the remainder when 20310 is divided by 132?
114
What is the remainder when 79374633 is divided by 14982?
14979
Calculate the remainder when 649461 is divided by 162347.
73
Calculate the remainder when 2151516 is divided by 1075742.
32
Calculate the remainder when 7184076 is divided by 1017.
1005
Calculate the remainder when 128108 is divided by 128025.
83
Calculate the remainder when 4376643 is divided by 2232.
1923
Calculate the remainder when 15295696 is divided by 140.
136
Calculate the remainder when 2720950 is divided by 32011.
15
What is the remainder when 308289 is divided by 971?
482
What is the remainder when 95296 is divided by 526?
90
Calculate the remainder when 49699 is divided by 16521.
136
What is the remainder when 2268395 is divided by 756017?
344
Calculate the remainder when 21500 is divided by 5370.
20
What is the remainder when 557621 is divided by 18585?
71
What is the remainder when 655311 is divided by 8?
7
Calculate the remainder when 15705680 is divided by 7.
4
Calculate the remainder when 123439 is divided by 3664.
2527
Calculate the remainder when 313038 is divided by 312947.
91
What is the remainder when 28247120 is divided by 6560?
6320
What is the remainder when 5363521 is divided by 13112?
713
What is the remainder when 6296828 is divided by 31802?
32
Calculate the remainder when 9169470 is divided by 589.
507
Calculate the remainder when 29835 is divided by 235.
225
Calculate the remainder when 10503562 is divided by 678.
664
What is the remainder when 33037 is divided by 2436?
1369
Calculate the remainder when 113316522 is divided by 37772167.
2